ns digit of 15003?
0
What is the units digit of 68?
8
What is the hundreds digit of 4424?
4
What is the thousands digit of 12722?
2
What is the units digit of 880?
0
What is the hundreds digit of 1694?
6
What is the units digit of 3886?
6
What is the thousands digit of 15916?
5
What is the units digit of 1487?
7
What is the tens digit of 11612?
1
What is the thousands digit of 42490?
2
What is the units digit of 2721?
1
What is the units digit of 1808?
8
What is the tens digit of 24715?
1
What is the hundreds digit of 77918?
9
What is the units digit of 47152?
2
What is the units digit of 646?
6
What is the hundreds digit of 55945?
9
What is the hundreds digit of 127?
1
What is the tens digit of 4957?
5
What is the thousands digit of 3623?
3
What is the hundreds digit of 19980?
9
What is the units digit of 9618?
8
What is the hundreds digit of 7034?
0
What is the ten thousands digit of 61253?
6
What is the tens digit of 1266?
6
What is the tens digit of 1538?
3
What is the tens digit of 11613?
1
What is the hundreds digit of 87981?
9
What is the units digit of 30646?
6
What is the units digit of 11278?
8
What is the tens digit of 85009?
0
What is the units digit of 3813?
3
What is the hundreds digit of 1097?
0
What is the units digit of 177828?
8
What is the units digit of 2970?
0
What is the tens digit of 1811?
1
What is the units digit of 97625?
5
What is the hundreds digit of 4301?
3
What is the hundreds digit of 854?
8
What is the hundreds digit of 3791?
7
What is the ten thousands digit of 25454?
2
What is the tens digit of 4228?
2
What is the thousands digit of 9422?
9
What is the units digit of 1226?
6
What is the tens digit of 1037?
3
What is the hundreds digit of 40818?
8
What is the thousands digit of 3301?
3
What is the tens digit of 15856?
5
What is the hundreds digit of 11857?
8
What is the hundreds digit of 4918?
9
What is the units digit of 17051?
1
What is the tens digit of 15669?
6
What is the hundreds digit of 3624?
6
What is the hundreds digit of 3685?
6
What is the units digit of 31301?
1
What is the tens digit of 1154?
5
What is the ten thousands digit of 13760?
1
What is the tens digit of 34?
3
What is the ten thousands digit of 11304?
1
What is the units digit of 1323?
3
What is the units digit of 3959?
9
What is the units digit of 813?
3
What is the tens digit of 1600?
0
What is the units digit of 888?
8
What is the thousands digit of 4879?
4
What is the tens digit of 2328?
2
What is the hundreds digit of 51696?
6
What is the tens digit of 50150?
5
What is the tens digit of 1298?
9
What is the thousands digit of 4594?
4
What is the thousands digit of 54778?
4
What is the units digit of 583?
3
What is the units digit of 395?
5
What is the ten thousands digit of 46347?
4
What is the units digit of 55704?
4
What is the thousands digit of 9257?
9
What is the tens digit of 33182?
8
What is the thousands digit of 3971?
3
What is the tens digit of 81665?
6
What is the units digit of 2750?
0
What is the tens digit of 965?
6
What is the tens digit of 613?
1
What is the units digit of 27921?
1
What is the ten thousands digit of 34967?
3
What is the tens digit of 2127?
2
What is the thousands digit of 7969?
7
What is the thousands digit of 18919?
8
What is the tens digit of 33232?
3
What is the hundreds digit of 1042?
0
What is the thousands digit of 29955?
9
What is the thousands digit of 1675?
1
What is the tens digit of 3967?
6
What is the hundreds digit of 2860?
8
What is the units digit of 1567?
7
What is the tens digit of 4838?
3
What is the hundreds digit of 561?
5
What is the thousands digit of 37586?
7
What is the thousands digit of 7907?
7
What is the hundreds digit of 1290?
2
What is the units digit of 123374?
4
What is the hundreds digit of 315?
3
What is the tens digit of 2340?
4
What is the units digit of 4198?
8
What is the thousands digit of 3124?
3
What is the units digit of 1296?
6
What is the units digit of 6982?
2
What is the hundreds digit of 390?
3
What is the units digit of 6671?
1
What is the hundreds digit of 15326?
3
What is the ten thousands digit of 163546?
6
What is the tens digit of 193?
9
What is the tens digit of 1104?
0
What is the tens digit of 68608?
0
What is the hundreds digit of 27198?
1
What is the hundreds digit of 7519?
5
What is the hundred thousands digit of 100120?
1
What is the tens digit of 501?
0
What is the tens digit of 17535?
3
What is the thousands digit of 1944?
1
What is the hundreds digit of 888?
8
What is the thousands digit of 1657?
1
What is the units digit of 9369?
9
What is the tens digit of 138888?
8
What is the tens digit of 2288?
8
What is the hundreds digit of 108890?
8
What is the tens digit of 32?
3
What is the tens digit of 1810?
1
What is the hundreds digit of 709?
7
What is the tens digit of 2082?
8
What is the tens digit of 3102?
0
What is the thousands digit of 8301?
8
What is the tens digit of 15284?
8
What is the hundreds digit of 54447?
4
What is the hundreds digit of 8336?
3
What is the tens digit of 305?
0
What is the tens digit of 111?
1
What is the units digit of 164?
4
What is the tens digit of 6642?
4
What is the thousands digit of 64790?
4
What is the units digit of 1308?
8
What is the ten thousands digit of 27107?
2
What is the hundreds digit of 188?
1
What is the hundreds digit of 32006?
0
What is the units digit of 811?
1
What is the hundreds digit of 2023?
0
What is the units digit of 43939?
9
What is the units digit of 1092?
2
What is the units digit of 962?
2
What is the tens digit of 8037?
3
What is the hundreds digit of 508?
5
What is the hundreds digit of 21835?
8
What is the thousands digit of 58131?
8
What is the hundreds digit of 21442?
4
What is the thousands digit of 6740?
6
What is the ten thousands digit of 119364?
1
What is the units digit of 2665?
5
What is the hundreds digit of 10973?
9
What is the units digit of 47631?
1
What is the thousands digit of 9878?
9
What is the thousands digit of 118236?
8
What is the ten thousands digit of 90094?
9
What is the tens digit of 78330?
3
What is the hundreds digit of 2341?
3
What is the tens digit of 899?
9
What is the tens digit of 663?
6
What is the tens digit of 1016?
1
What is the hundreds digit of 5133?
1
What is the units digit of 2644?
4
What is the thousands digit of 7543?
7
What is the hundreds digit of 390?
3
What is the hundreds digit of 512?
5
What is the tens digit of 1761?
6
What is the units digit of 6379?
9
What is the hundreds digit of 1037?
0
What is the units digit of 1483?
3
What is the thousands digit of 4194?
4
What is the thousands digit of 2365?
2
What is the tens digit of 4496?
9
What is the tens digit of 4974?
7
What is the thousands digit of 79034?
9
What is the units digit of 18862?
2
What is the tens digit of 544?
4
What is the hundreds digit of 2577?
5
What is the tens digit of 58776?
7
What is the tens digit of 6053?
5
What is the thousands digit of 140058?
0
What is the units digit of 15101?
1
What is the thousands digit of 4799?
4
What is the tens digit of 27?
2
What is the tens digit of 11?
1
What is the units digit of 8319?
9
What is the thousands digit of 29522?
9
What is the units digit of 26770?
0
What is the hundreds digit of 18610?
6
What is the hundreds digit of 4900?
9
What is the units digit of 820?
0
What is the units digit of 547?
7
What is the tens digit of 1108?
0
What is the hundreds digit of 1463?
4
What is the thousands digit of 30379?
0
What is the thousands digit of 1079?
1
What is the thousands digit of 44481?
4
What is the tens digit of 6033?
3
What is the hundreds digit of 728?
7
What is the thousands digit of 3483?
3
What is the thousands digit of 6435?
6
What is the tens digit of 6924?
2
What is the tens digit of 12452?
5
What is the hundreds digit of 1222?
2
What is the tens digit of 732?
3
What is the tens digit of 9049?
4
What is the ten thousands digit of 40852?
4
What is the units digit of 50894?
4
What is the units digit of 1064?
4
What is the tens digit of 652?
5
What is the hundreds digit of 1243?
2
What is the tens digit of 1682?
8
What is the thousands digit of 1288?
1
What is the units digit of 75?
5
What is the thousands digit of 65361?
5
What is the thousands digit of 126040?
6
What is the units digit of 2494?
4
What is